Calculate the remainder when p(5) is divided by (0 + 4)/(4/10).
8
Let z = 474 + 470. Let n be 2/(-9) + z/36. Let x = n - 14. What is the remainder when x is divided by 5?
2
Let w(s) = -s**2 + 46*s - 308. Calculate the remainder when w(37) is divided by 16.
9
Let j(a) = a**2 + 7*a + 5. Let v(q) = -4*q**3 - 4*q**2 - 2*q - 2. Let f be v(-2). Suppose f = 39*t - 38*t. What is the remainder when j(-10) is divided by t?
17
Let a = -393 + 426. What is the remainder when 159 is divided by a?
27
What is the remainder when 18 is divided by (-6)/(-15) + 340/25?
4
Suppose 0 = -59*z + 56*z + 63. What is the remainder when z is divided by -1*-4*1*3?
9
Let z(n) = -n**3 - 21*n**2 + 12*n + 1. What is the remainder when z(-22) is divided by 58?
47
Calculate the remainder when 2*3*-25*(-16)/120 is divided by 12.
8
Suppose -2*m + k + k + 26 = 0, 3*k - 17 = -4*m. Suppose -18 - 3 = -3*q. Let r = 30 - q. What is the remainder when r is divided by m?
7
Suppose -4*v - 5*z + 56 = 0, 5*v + z - 43 = 48. Let t = v + -15. Suppose -t*y + 41 - 13 = 0. Calculate the remainder when 19 is divided by y.
5
Suppose -l + 3*i = -27 - 0, 0 = -5*l + 3*i + 99. Suppose -2*x + 5*r - 81 = -132, 0 = -5*x - 4*r + 12. What is the remainder when l is divided by x?
2
Let f be -1*3*(-6 + 5). Suppose f*p - 69 = 3. Suppose 2*n = x - 17, 3*x = -n + p + 27. Calculate the remainder when x is divided by 6.
5
Suppose -3*n + 38 = -46. Calculate the remainder when n is divided by 15.
13
Suppose -6*f + 60 + 258 = 0. Let b = -10 + f. What is the remainder when b is divided by 11?
10
Suppose 7*g - 44 = 3*g. What is the remainder when g is divided by 4?
3
Calculate the remainder when 13 is divided by 1 + 0 + 4 + (1 - 0).
1
Let v be (-54)/15 - (-15)/25 - -11. Suppose 147 + 13 = v*b. Calculate the remainder when 54 is divided by b.
14
Let s(a) = a**2 - 5*a + 1. Let c be s(5). Let f be -2 + c - 3/(-1). Suppose -11 + 49 = f*r. Calculate the remainder when 56 is divided by r.
18
Suppose -3*g - 2*g = -25. Suppose -2*k + g = 3. Calculate the remainder when 47 is divided by k/4 - (-141)/12.
11
Let g = -26 - -75. Suppose -3*r + y + 4 = -7*r, 3*r + 3 = 2*y. Calculate the remainder when g is divided by (910/210)/(r + 8/6).
10
Suppose -2*n + 31 = 1. Calculate the remainder when 356 is divided by n.
11
Suppose -4*r = -l - 327, -73 = -r - 4*l + 6*l. Calculate the remainder when 89 is divided by r.
6
Let f = -331 - -483. Suppose -m + f = m. Calculate the remainder when m is divided by 16.
12
Let k be -4 + 2 - (-3 + -7). Suppose 10*i = 12*i - k. Calculate the remainder when 18 is divided by i.
2
Suppose 13*q + 2214 = 19*q. What is the remainder when q is divided by 53?
51
What is the remainder when (-3 + 8 - 9) + 1345 is divided by 96?
93
Calculate the remainder when (105/18*3)/(5/10) is divided by 13.
9
Let b = -446 + 459. What is the remainder when 35 is divided by b?
9
Let j be (-4)/(16/(-268)) - (-4 + 1). Suppose -7*g = -4*g + 57. Let k = g + j. What is the remainder when k is divided by 26?
25
Suppose -3 - 60 = -9*f. Suppose -n = 4*l - 132, 5*n + 12 = 3*l - 2*l. What is the remainder when 5*19 - (f - 6) is divided by l?
30
Let r(n) = 2*n**2 - 38*n - 42. Calculate the remainder when 1048 is divided by r(21).
40
Suppose 2*q + 5 = k + 2, -21 = -4*k - q. Suppose -4*y = k*j - 194, 27 + 19 = j - y. What is the remainder when j is divided by 15?
12
Let g(f) = 2*f**3 + 68*f**2 - 71*f + 35. What is the remainder when 135 is divided by g(-35)?
65
Let h(w) = 5*w**2 + 5*w + 2. Let j(v) = -3*v + 1. Let n be j(-7). Suppose 0 = 2*g - 0*g - n. Calculate the remainder when h(-3) is divided by g.
10
Suppose -7*f + 39 = 2*p - 4*f, 0 = f - 5. What is the remainder when 78 is divided by p?
6
Suppose 0 = 12*i - 15*i - 2*s + 79, -3*i + s + 73 = 0. Calculate the remainder when 93/2 + 4/8 is divided by i.
22
What is the remainder when 1514/8 - (-10 - (-370)/40) is divided by 29?
16
What is the remainder when 14/(-35)*(-130 - 0) is divided by 28?
24
Let h(i) be the third derivative of -i**4/6 + i**3/3 - 2*i**2. What is the remainder when (-159)/(-6) - (-1)/(-2) is divided by h(-3)?
12
Calculate the remainder when -1 - -25 - (-8)/((-32)/12) is divided by 6.
3
Suppose 12*q + 756 = 30*q. What is the remainder when q is divided by 22?
20
Suppose -5 = -4*h + 3. Suppose -73 = -h*y + 79. Let p = -27 + y. What is the remainder when p is divided by 13?
10
Let f(k) = -k**2 - 10*k + 14. Let p be f(-11). Suppose 81 = -p*u - 9. Let n = -14 - u. Calculate the remainder when 60 is divided by n.
12
Let k(q) = -q**3 + 5*q**2 + 27*q + 5. Let c(m) = -m - 2. Let l = -41 - -29. Calculate the remainder when k(8) is divided by c(l).
9
Let n(q) = 9*q**2 - q - 1. Let w be n(-1). Calculate the remainder when 651/14*6/w is divided by 11.
9
Let v(w) be the second derivative of -53*w**5/20 - w**3/3 + w**2/2 - 6*w. Let x be v(1). Let m = x + 77. What is the remainder when m is divided by 12?
11
Suppose -4*v - 5*o - 5 = 0, -2*v + 2*o = -0*v - 20. Calculate the remainder when (24/v)/((-14)/(-105)) is divided by 13.
10
Suppose -1145 = -43*t - 371. Let w be -7 + 2 - (-1 + -1). Let z(k) = k**3 + 3*k**2 - k + 2. Calculate the remainder when t is divided by z(w).
3
Let r = -896 + 964. What is the remainder when r is divided by 25?
18
Suppose 0 = -j - 0*j + 114. Suppose 5*s = n - 58, 145 = 3*n - 2*s - 81. Let r = n + -49. Calculate the remainder when j is divided by r.
27
Let x(b) = -b + 14. Let a be x(-12). Suppose -9*w + a = -7*w. What is the remainder when 37 is divided by w?
11
Let s(u) = 2*u + 20. Let n be s(-9). Let b(m) = 7*m - 4. Let x be b(n). Calculate the remainder when 16 is divided by ((-108)/90)/((-2)/x).
4
Let r = 21 - -175. Let f = 88 - r. Let i = f + 189. Calculate the remainder when i is divided by 21.
18
What is the remainder when 52 is divided by ((-8)/(-48))/(2/24)?
0
What is the remainder when (10/20)/(4/(-2328)*-3) is divided by 54?
43
Let t be (2/1)/((-1)/(-13)). Let b = 50 - t. Let s(h) = 2*h**3 - 8*h**2 + 3*h + 5. What is the remainder when s(5) is divided by b?
22
Suppose -27 + 112 = 17*n. Suppose -3*j + 8 = j. Calculate the remainder when n is divided by j.
1
Let l(m) = 3*m - 5 + 0*m + 0*m + 3*m. Calculate the remainder when l(5) is divided by 7.
4
Let s be 2*3*(-2 - -4). Let y be -4*1*s/(-24). Suppose -p + y = -13. Calculate the remainder when 28 is divided by p.
13
Let b = 4 - 6. Let a be (4 + 52/(-12))*-1*6. What is the remainder when a*((-83)/b - 3) is divided by 20?
17
Let r = -6 - -43. Calculate the remainder when r is divided by 2/17 - (-438)/68*2.
11
Let p(x) be the first derivative of x**3/3 - x**2/2 + x + 8. Calculate the remainder when 63 is divided by p(-3).
11
Let q be 3/(-2) - 15/(-6). Let w(y) = -q + 29*y**2 - 21*y**2 + 24*y**2. Calculate the remainder when w(-1) is divided by 8.
7
Let a(q) = -5*q + 226. Calculate the remainder when a(-44) is divided by 25.
21
Suppose b + 5*z - 188 = 0, -4*b = z + z - 734. What is the remainder when b is divided by 38?
31
Suppose 2*b + 1 = 5. Suppose b*q - 9 = -q, 2*k + 87 = 3*q. Calculate the remainder when (-110)/(-3) - (-26)/k is divided by 13.
10
Suppose -2*g = 3*r - 43, -6*g + 2*r - 24 = -7*g. Calculate the remainder when 32 is divided by g.
4
Let q(n) = -24*n + 45. Calculate the remainder when q(-14) is divided by 16.
13
Let k(q) = -q - 2. Let c be k(-6). Suppose -64 = -c*f + 3*f - 3*g, 5*g + 117 = 2*f. What is the remainder when f is divided by 32?
29
Let f = 1506 + -1485. Let a = -2 + 2. Suppose -2*n = 5*r - 0*n - 292, -4*r - 2*n + 232 = a. What is the remainder when r is divided by f?
18
Let v(c) = -20*c + 6. Calculate the remainder when v(-6) is divided by 64.
62
Let h(t) = t**2 + 10*t + 6. Let f be h(-15). Let m = 124 - f. Calculate the remainder when m is divided by 16.
11
Suppose 66*s = 62*s + 32. What is the remainder when 93 is divided by s?
5
Suppose -109 - 16 = -4*s - 5*y, 6 = -2*y. What is the remainder when 134 is divided by s?
29
Let d be (-2)/(-6)*(10/1 + -1). Suppose d*z = 300 - 24. What is the remainder when z is divided by 31?
30
Suppose 4*m = -2*x + 94, 0 = m + m - x - 57. Suppose 0 = r - 0*y + 5*y - m, -4 = 4*y. What is the remainder when r is divided by 9?
4
Let f be (-10)/(-45) + (-1706)/(-18). Let p = -35 + f. What is the remainder when -4*(p/(-8) - -4) is divided by 5?
4
